-780)/(-9)?
1
Suppose -4*u + 3*m - 997 = 0, 0 = -0*u + 5*u + 5*m + 1220. Let f = 568 + u. What is the tens digit of f?
2
Let u(d) = -d + 36. Let y be u(0). Suppose h + y = 38. What is the tens digit of h/8 + 908/(-64)*-4?
5
Suppose 120678 = 8*c + 5*a, 0 = -4*c - 5*a + 2904 + 57450. What is the units digit of c?
1
Let i = -497 + 277. What is the tens digit of (i - (-50)/5)/(6/(-4))?
4
Suppose -4*i + t = 6*t - 12, -3*i = -4*t - 9. What is the tens digit of -1 + i - (-145 - -19)?
2
Let q(c) = 906*c**3 + 3*c - 893*c**3 + c - 2*c**2 - 1. What is the tens digit of q(3)?
4
Let j be (1888/24)/((-2)/(-9)). Suppose -2*t + 3 = -5, z - 5*t = -j. Let r = 479 + z. What is the units digit of r?
5
Let x(s) = 43*s**2 - 293*s + 31. What is the hundreds digit of x(8)?
4
Suppose -34673 + 127638 = 5*p. What is the tens digit of p?
9
Let z be 6*(-1)/(-1) - 4. Suppose -4*w + z*q = 5*q - 506, 2*w = 5*q + 240. Suppose 5*j - w = 285. What is the units digit of j?
2
Suppose s = -4*k - 1960, -2*k + 3*s = 733 + 247. Let u = -290 - k. What is the units digit of u?
0
Let z(i) = 12970*i**2 - 11*i - 9. What is the units digit of z(-1)?
2
Suppose 2*x - 2 = -2*p, -2*x + 3 = p - 2. Suppose 5*b = -y + 18, -x*y + 4*b = 2*b - 6. Suppose y*l - 284 - 199 = 0. What is the units digit of l?
1
Suppose 14*x - 19*x = 0. Suppose 5*f - 10 = x, 5*f = 5*z + 8*f - 1316. What is the hundreds digit of z?
2
Suppose -10*a + 172 = -608. Let t = 80 - a. Suppose -4*o = -5*l - 613, -o - 157 = -t*o + 5*l. What is the tens digit of o?
5
Let q(w) be the first derivative of 5*w**4/3 + w**3/6 - 13*w**2/2 - 28*w + 32. Let g(n) be the first derivative of q(n). What is the hundreds digit of g(3)?
1
Let i(k) = 4*k + 6. Let l(a) = -1. Let z(d) = -2*i(d) - 6*l(d). Let f = -6353 - -6336. What is the hundreds digit of z(f)?
1
Let l be 5/(-15)*0/2 + 1079. Let a = 1547 - l. What is the tens digit of a?
6
Let o(c) = -277*c + 735. What is the hundreds digit of o(-10)?
5
Let p = 51655 + -11713. What is the thousands digit of p?
9
Suppose -2*k + 6 = -4*v, k + 4*v - 12 = 3*v. Suppose -k*b + 2047 - 31 = 0. What is the units digit of b?
4
Let y be (-1)/4*0 - (440 + 2). Let p = y + 726. Let l = p - 191. What is the units digit of l?
3
Let n(q) = 215*q**2 - 178*q + 348. What is the units digit of n(2)?
2
Let n(r) = -r**3 - 6*r**2 + 8*r + 9. Let s be n(-7). Suppose h = -s*l + l + 98, 4*h = 20. Let g = -50 + l. What is the units digit of g?
3
Suppose -51*s + 1870 = -29*s. Let i = 601 - s. What is the hundreds digit of i?
5
Let g(j) be the third derivative of j**4/24 - 7*j**3/6 - 23*j**2. Let n be g(10). Let u = n - -22. What is the tens digit of u?
2
Let u = -85 - -124. Suppose 46*a - u*a - 1134 = 0. What is the hundreds digit of a?
1
Let t be 3370/80 + 5/(-40). Let f(a) = 5*a - 153. What is the units digit of f(t)?
7
Let y(l) = -2*l**2 - 28*l - 19. Let g be y(-13). Suppose 0 = g*h - 21. Suppose 103 = h*w + 34. What is the tens digit of w?
2
Let y be 40 - (1 - ((-32)/4)/(-4)). Suppose 0 = -10*v + 391 - y. What is the tens digit of v?
3
Let c = 15162 - 4662. What is the ten thousands digit of c?
1
Let b(q) = 15*q**3 + q**2 + 6*q - 6. Let i be b(1). Suppose -3788 = -i*m + 116. What is the units digit of m?
4
Let r(b) = 24730*b**2 + 9*b - 6. What is the hundreds digit of r(1)?
7
Let x(y) = 7390*y - 4573. What is the hundreds digit of x(2)?
2
Let p(s) = 74*s**2 + 152*s - 6. What is the hundreds digit of p(10)?
9
Suppose 4*j = -m - 16, -m - 1 = j + 6. Let r be 28/((-3 - j) + 2). Suppose 10*k = 8*k + r. What is the units digit of k?
7
Suppose -287*o + 200732 + 338636 + 780258 = 0. What is the units digit of o?
8
Let d = -8384 - -13216. What is the hundreds digit of d?
8
Let q = -136 - -91. Let r be -6*((-10)/q)/((-4)/6). Suppose -r*h = -h - 61. What is the tens digit of h?
6
Let r(z) = -6439*z + 4718. What is the hundreds digit of r(-11)?
5
Let u be 0/(-7 + 3 + 5 - 0). What is the hundreds digit of (u + -6)*2136/(-18)?
7
Let v = 973 - 1029. Let q = -23 - 59. Let o = v - q. What is the units digit of o?
6
Let s(r) = 54*r + 71. Let u be s(-13). Let c = -362 - u. Suppose -5*b = -t - c, -4*t = -4*b + 256 - 44. What is the units digit of b?
4
Suppose 4*l + 8*l = 600. Suppose 46*o + 316 = l*o. What is the units digit of o?
9
Suppose 14*x - 2192 = -10*x + 16*x. What is the hundreds digit of x?
2
Let o(h) = 54*h**2 - 75*h + 57. What is the units digit of o(11)?
6
Suppose 0 = 116*l + 28*l - 30*l - 186504. What is the units digit of l?
6
Let k be (-2)/(-6) + 37/(-3). Let t(j) = j**3 - 9*j**2 + 16*j - 7. Let q(p) = 2*p**3 + p**2 - p. Let z(v) = -q(v) + t(v). What is the tens digit of z(k)?
7
Suppose -89*r - 112*r - 540869 + 4003898 = 0. What is the hundreds digit of r?
2
Suppose -308*r = -313*r + 11505. What is the thousands digit of r?
2
What is the thousands digit of ((-31)/(-4) - (12 + -9))*1812?
8
Suppose 0 = c + 8*c - 41508. What is the tens digit of c?
1
Suppose m - 1409 = 4*g - 24259, -5*m + 22814 = 4*g. What is the units digit of g?
1
Let z = 13711 - 63. What is the ten thousands digit of z?
1
Suppose 4*c - 8484 = 3*z + 16142, -3*c + 3*z = -18471. What is the tens digit of c?
5
Let o = 1758 + -1700. What is the units digit of o?
8
Let y = 37058 - 3528. What is the thousands digit of y?
3
Suppose m + 2*u - 1 = -8, 2*m + 3*u = -12. What is the thousands digit of (((-4)/(-1))/(-1) - m) + 1576?
1
Suppose -562 = -3*d - 49. Suppose -d = -2*p + 55. What is the hundreds digit of p?
1
Let x = 9553 + 9502. What is the hundreds digit of x?
0
Let c(x) = x**2 - 1. Let j(g) = g**3 + 11*g**2 - 6*g - 7. Let i(b) = -6*c(b) + j(b). Suppose 25*h - 45*h + 60 = 0. What is the tens digit of i(h)?
5
Suppose 4*p + 105 = 3*i, i - 123 = -p + 6*p. What is the units digit of ((-3)/(-9))/(p/(-70776))?
3
Let a = -5149 - -3495. Let k = 2901 + a. What is the thousands digit of k?
1
Suppose 4*w + 3*v - 97950 = 0, 5*v = -5*w + 122826 - 396. What is the tens digit of w?
9
Suppose -8*g + 19 + 13 = 0. Suppose 0 = -g*r - r + 30. Suppose 363 = r*i - 153. What is the tens digit of i?
8
Suppose -8044 = -3*r - 2*u + 343, 3*r = 5*u + 8338. What is the thousands digit of r?
2
Let v(b) = -669*b + 313. What is the ten thousands digit of v(-17)?
1
Let s be (-168)/(-5) - (-4)/10. Let v be -1 + -3 - (-68 - 1). Let y = v - s. What is the units digit of y?
1
Let u(x) = -x**2 - 7*x + 104. Let r be u(-12). What is the hundreds digit of 26144/r - (9/(-11) + 1)?
5
Let l be (75/(-10))/((-3)/2). Let x be (l - 2 - 4) + -1. Let p(w) = -58*w + 5. What is the tens digit of p(x)?
2
Let g(m) = -21*m + 8. Let p be g(-6). Suppose -2*n = -5*f + 17, -3*n = 11*f - 9*f - 3. Suppose -5*y = -y + 2*q - 192, p = f*y - q. What is the tens digit of y?
4
Suppose -11 = 2*p + 13. Let k be 8/(-20) - p/5. Suppose 4*y - 126 = -k*f, -4*f + 5*y = -0*y - 226. What is the tens digit of f?
5
Let o(c) = -6*c - 5 - c**3 - 1 + 3 - 12*c**2 + 4. What is the tens digit of o(-13)?
4
Let z(j) = -24*j + 20. Let b be 2 - (-1 - (4 + 71)). Suppose 0 = 2*y - 15*y - b. What is the tens digit of z(y)?
6
Let w(k) = -3*k - 83. Let s be w(-29). Suppose -1005 = -3*g - 2*i, -s*g - 514 + 1855 = 3*i. What is the tens digit of g?
3
Let x = 34 + 3. Let n = x - 37. Suppose -u + 8 + 27 = n. What is the tens digit of u?
3
Suppose 11*d - 111857 + 425217 = 21*d. What is the tens digit of d?
3
Let i = -327 - -359. Let j(b) = b + 12. What is the units digit of j(i)?
4
Suppose -4*i = 2*u + 3*u - 37, -10 = -2*u. Suppose -2*l + 0 + 2 = 0, -l + 4 = i*x. What is the units digit of x/4*245 - 10/40?
1
Suppose -12*x = -7*x - 35. Let g be 12/x*(2 + -9). What is the units digit of (g/(-1))/((-6)/(-21))?
2
Suppose 373 - 65 = 4*m - 4*t, 0 = -m - 3*t + 89. Suppose m - 260 = -5*z. Let f = z + -26. What is the tens digit of f?
1
Let v(i) = -13*i**3 - 35*i**2 + 109*i + 1374. What is the hundreds digit of v(-16)?
9
Let q be -3 + 4*(-3 - (-45)/20). Let v(j) = -7*j + 0*j - 21 - j**2 - 6*j. What is the tens digit of v(q)?
2
Let z = -174 - 284. Let c be (4/(-2))/((-4)/z). Let s = -144 - c. What is the tens digit of s?
8
Let f(b) = -b**2 - 10 - b + b - b - 12*b. Let a be f(-11). Suppose a = 2*y + 2. What is the units digit of y?
5
Let o be (-2)/(-4) + 2 + 3/6. Suppose 3*h + 4*j - 1587 = o*j, -4*h + 2118 = 2*j. What is the tens digit of (6/8)/(4/h)?
9
Suppose 32*l - 2